{"id":73960,"date":"2020-02-08T10:48:07","date_gmt":"2020-02-08T09:48:07","guid":{"rendered":"https:\/\/www.derblitzdings.de\/?page_id=73960"},"modified":"2020-03-20T20:52:17","modified_gmt":"2020-03-20T19:52:17","slug":"hochzeit","status":"publish","type":"page","link":"https:\/\/www.derblitzdings.de\/index.php\/hochzeit\/","title":{"rendered":"Hochzeit-Fotografie"},"content":{"rendered":"<p>\u00a0<\/p>\n<p style=\"text-align: center;\">Hochzeit<\/p>\n<p style=\"text-align: center;\"><strong>Sie m\u00f6chten sich ihren sch\u00f6nsten Tag im<\/strong><\/p>\n<p style=\"text-align: center;\"><strong>Leben mit Bildern in Erinnerung halten?<\/strong><\/p>\n<p style=\"text-align: center;\"><strong><br \/>Dann buchen Sie bei mir!<br \/><\/strong><br \/><strong><br \/>Sie erhalten Bilder inkl. Nachbearbeitung<\/strong><\/p>\n<p style=\"text-align: center;\"><strong>nach ihren <\/strong><strong>W\u00fcnschen.<\/strong><\/p>\n<p style=\"text-align: center;\"><strong><br \/>Folgende Pakete stehen f\u00fcr Sie<\/strong><\/p>\n<p style=\"text-align: center;\"><strong>zur Verf\u00fcgung:<\/strong><\/p>\n<p>\u00a0<\/p>\n<p><strong>\u00a0 \u00a0<a href=\"https:\/\/www.derblitzdings.de\/index.php\/paket-1\/\" target=\"_blank\" rel=\"noopener noreferrer\">Paket 1<\/a>\u00a0 \u00a0 \u00a0 \u00a0 \u00a0 \u00a0 \u00a0 \u00a0 \u00a0 \u00a0 \u00a0 \u00a0 \u00a0 \u00a0 \u00a0 \u00a0 \u00a0 \u00a0 \u00a0 \u00a0 \u00a0 \u00a0 \u00a0 \u00a0 \u00a0 \u00a0 \u00a0 \u00a0 \u00a0 \u00a0 \u00a0 \u00a0 \u00a0<\/strong><strong><a href=\"https:\/\/www.derblitzdings.de\/index.php\/paket-2\/\" target=\"_blank\" rel=\"noopener noreferrer\">Paket 2<\/a><\/strong><\/p>\n<p>\u00a0<\/p>\n<p><strong>\u00a0 \u00a0<a href=\"https:\/\/www.derblitzdings.de\/index.php\/paket-3\/\" target=\"_blank\" rel=\"noopener noreferrer\">Paket 3<\/a><\/strong><strong>\u00a0 \u00a0 \u00a0 \u00a0 \u00a0 \u00a0 \u00a0 \u00a0 \u00a0 \u00a0 \u00a0 \u00a0 \u00a0 \u00a0 \u00a0 \u00a0 \u00a0 \u00a0 \u00a0 \u00a0 \u00a0 \u00a0 \u00a0 \u00a0 \u00a0 \u00a0 \u00a0 \u00a0 \u00a0 \u00a0 \u00a0 \u00a0 \u00a0<a href=\"https:\/\/www.derblitzdings.de\/index.php\/paket-4\/\" target=\"_blank\" rel=\"noopener noreferrer\">Paket 4<\/a>\u00a0<\/p>\n<p><\/strong><\/p>\n","protected":false},"excerpt":{"rendered":"<p>\u00a0 Hochzeit Sie m\u00f6chten sich ihren sch\u00f6nsten Tag im Leben mit Bildern in Erinnerung halten? Dann buchen Sie bei mir!Sie erhalten Bilder inkl. Nachbearbeitung nach ihren W\u00fcnschen. Folgende Pakete stehen f\u00fcr Sie zur Verf\u00fcgung: \u00a0 \u00a0 \u00a0Paket 1\u00a0 \u00a0 \u00a0 \u00a0 \u00a0 \u00a0 \u00a0 \u00a0 \u00a0 \u00a0 \u00a0 \u00a0 \u00a0 \u00a0 \u00a0 \u00a0 \u00a0 \u00a0 &hellip;<\/p>\n","protected":false},"author":1,"featured_media":0,"parent":0,"menu_order":0,"comment_status":"closed","ping_status":"closed","template":"","meta":{"footnotes":""},"class_list":["post-73960","page","type-page","status-publish",""],"_links":{"self":[{"href":"https:\/\/www.derblitzdings.de\/index.php\/wp-json\/wp\/v2\/pages\/73960","targetHints":{"allow":["GET"]}}],"collection":[{"href":"https:\/\/www.derblitzdings.de\/index.php\/wp-json\/wp\/v2\/pages"}],"about":[{"href":"https:\/\/www.derblitzdings.de\/index.php\/wp-json\/wp\/v2\/types\/page"}],"author":[{"embeddable":true,"href":"https:\/\/www.derblitzdings.de\/index.php\/wp-json\/wp\/v2\/users\/1"}],"replies":[{"embeddable":true,"href":"https:\/\/www.derblitzdings.de\/index.php\/wp-json\/wp\/v2\/comments?post=73960"}],"version-history":[{"count":47,"href":"https:\/\/www.derblitzdings.de\/index.php\/wp-json\/wp\/v2\/pages\/73960\/revisions"}],"predecessor-version":[{"id":74955,"href":"https:\/\/www.derblitzdings.de\/index.php\/wp-json\/wp\/v2\/pages\/73960\/revisions\/74955"}],"wp:attachment":[{"href":"https:\/\/www.derblitzdings.de\/index.php\/wp-json\/wp\/v2\/media?parent=73960"}],"curies":[{"name":"wp","href":"https:\/\/api.w.org\/{rel}","templated":true}]}}